{"id":42,"date":"2017-08-21T17:19:49","date_gmt":"2017-08-21T15:19:49","guid":{"rendered":"http:\/\/www.romellivicini.ch\/?page_id=42"},"modified":"2023-01-30T22:01:42","modified_gmt":"2023-01-30T21:01:42","slug":"rimborsi-e-regolamento","status":"publish","type":"page","link":"https:\/\/romellivicini.ch\/?page_id=42","title":{"rendered":"Rimborsi e regolamento"},"content":{"rendered":"<p>Cari pazienti,<\/p>\n<p>Dal 1\u00b0 luglio 2022 gli psicologi psicoterapeuti possono esercitare a titolo indipendente a carico dell\u2019assicurazione obbligatoria delle cure medico-sanitarie, se in possesso dei requisiti necessari per poter fatturare nel regime AOMS (Assicurazione obbligatoria delle cure medico-sanitarie), e a condizione che sia rilasciata una prescrizione medica.<br \/>Per poter accedere al rimborso \u00e9 necessario presentarsi a primo colloquio con la prescrizione medica e la tessera della cassa malati.<\/p>\n<p>Ricordo che il rimborso \u00e8 vincolato alla franchigia e alle diverse condizioni imposte dalle casse malati (tra cui una prescrizione medica per le sedute da 1 a 15, un certificato medico per le sedute da 16 a 30 e un rapporto medico a partire dalla 31esima seduta, per ottenere la garanzia di assunzione dei costi). Per maggiori informazioni vi consiglio di contattare il vostro assicuratore.<\/p>\n<p>Per assicurare il buon funzionamento dello studio e della relazione terapeutica, i seguenti principi sono applicati:<\/p>\n<ol>\n<li>Il segreto professionale ha lo scopo di proteggere la sfera privata del paziente. Ogni operatore sanitario \u00e8 tenuto, nell\u2019interesse del paziente, al segreto professionale (Art. 20 cpv. 1 e 2, Lsan).<\/li>\n<li>Tutte le sedute sono fatturate indipendentemente dalla ragione dell\u2019annullamento, salvo se annunciato con almeno 24h di preavviso.<br \/><strong>! Attenzione, le sedute \u201csaltate\u201d non sono rimborsate dalla cassa malati e l\u2019intero importo \u00e8 a carico del paziente stesso !<\/strong><\/li>\n<li>L\u2019annullamento delle sedute pu\u00f2 essere comunicata in ogni momento per messaggio o e mail.<\/li>\n<li>Non sono previsti contatti al di fuori delle sedute (tranne quelli destinati agli accordi sulle sedute). Per i contatti eccezionali, il tempo dedicato verr\u00e0 fatturato in base al tariffario LaMal o in proporzione al tariffario orario per chi non usufruisce del rimborso LaMal.<\/li>\n<li>Per la stesura di certificati, il tempo dedicato sar\u00e0 fatturato in base al tariffario LaMal.<\/li>\n<li>Per chi usufruisce del rimborso LaMal, le sedute sottostanno alle condizioni di rimborso della cassa malati di base (LaMal) e alle tariffe da essa definite (2,58 Chf\/min).<br \/>L\u2019invio delle fatture elettroniche avviene tramite la Cassa dei Medici.<br \/>Per ottenere il rimborso, \u00e8 richiesto al cliente di firmare un documento nel quale si legittima il\/la terapeuta a condividere le informazioni richieste e necessarie con il medico prescrivente, con la Cassa dei Medici e con la cassa malati del cliente.<\/li>\n<li>Per assicurare la qualit\u00e0 del mio lavoro partecipo regolarmente a corsi di formazione avanzata, a congressi, a delle supervisioni e intervisioni.<\/li>\n<li>Le prestazioni fornite rientrano nel campo della diagnosi psicologica, della consulenza, del sostegno psicologico e della psicoterapia e sottostanno alla Legge Sanitaria del 18 aprile 1989 decretata dal Consiglio di Stato del Cantone Ticino, cos\u00ec come alla Legge federale sulle Professioni Psicologiche entrata in vigore ad aprile 2013.<\/li>\n<li>Le prestazioni vengono fornite nel rispetto della libert\u00e0, dignit\u00e0 e integrit\u00e0 della persona umana allo scopo di valutare, stabilizzare, migliorare o ristabilire la salute (mentale), la qualit\u00e0 di vita, le capacit\u00e0 e la qualit\u00e0 di funzionamento del cliente (Art. 2, Lsan).<\/li>\n<\/ol>\n<p><strong>Documenti utili:<\/strong><\/p>\n<p><a href=\"http:\/\/www.romellivicini.ch\/wp-content\/uploads\/2023\/01\/Psicoterapiasuprescrizionemedica-Informazioneaipazienti.pdf\">Informazioni ai pazienti<\/a><\/p>\n<p><a href=\"http:\/\/www.romellivicini.ch\/wp-content\/uploads\/2023\/01\/Psicoterapiasuprescrizionemedica-Informazioniperilmedicoprescrittore.pdf\">Informazioni ai medici che prescrivono<\/a><\/p>\n<p><a href=\"http:\/\/www.romellivicini.ch\/wp-content\/uploads\/2023\/01\/Prescrizionemedicaperlaterapiapsicologica-Versione1.0.pdf\">Documento per la prescrizione<\/a><\/p>\n<p><strong>Informazioni utili:<\/strong><\/p>\n<p>RCC: Z760921<\/p>\n<p>\u00a0<\/p>\n\n\n<p><\/p>\n","protected":false},"excerpt":{"rendered":"<p>Cari pazienti, Dal 1\u00b0 luglio 2022 gli psicologi psicoterapeuti possono esercitare a titolo indipendente a carico dell\u2019assicurazione obbligatoria delle cure medico-sanitarie, se in possesso dei requisiti necessari per poter fatturare nel regime AOMS (Assicurazione obbligatoria delle cure medico-sanitarie), e a condizione che sia rilasciata una prescrizione medica.Per poter accedere al<\/p>\n","protected":false},"author":1,"featured_media":0,"parent":0,"menu_order":0,"comment_status":"closed","ping_status":"closed","template":"","meta":{"footnotes":""},"class_list":["post-42","page","type-page","status-publish","hentry"],"_links":{"self":[{"href":"https:\/\/romellivicini.ch\/index.php?rest_route=\/wp\/v2\/pages\/42"}],"collection":[{"href":"https:\/\/romellivicini.ch\/index.php?rest_route=\/wp\/v2\/pages"}],"about":[{"href":"https:\/\/romellivicini.ch\/index.php?rest_route=\/wp\/v2\/types\/page"}],"author":[{"embeddable":true,"href":"https:\/\/romellivicini.ch\/index.php?rest_route=\/wp\/v2\/users\/1"}],"replies":[{"embeddable":true,"href":"https:\/\/romellivicini.ch\/index.php?rest_route=%2Fwp%2Fv2%2Fcomments&post=42"}],"version-history":[{"count":10,"href":"https:\/\/romellivicini.ch\/index.php?rest_route=\/wp\/v2\/pages\/42\/revisions"}],"predecessor-version":[{"id":185,"href":"https:\/\/romellivicini.ch\/index.php?rest_route=\/wp\/v2\/pages\/42\/revisions\/185"}],"wp:attachment":[{"href":"https:\/\/romellivicini.ch\/index.php?rest_route=%2Fwp%2Fv2%2Fmedia&parent=42"}],"curies":[{"name":"wp","href":"https:\/\/api.w.org\/{rel}","templated":true}]}}